81 and 2534.
181
Calculate the highest common factor of 948 and 7742.
158
Calculate the highest common factor of 36 and 288.
36
What is the greatest common divisor of 21 and 3381?
21
What is the highest common divisor of 885 and 480?
15
What is the greatest common divisor of 1734 and 6?
6
Calculate the highest common factor of 1862 and 114.
38
What is the greatest common divisor of 1256 and 24?
8
Calculate the highest common divisor of 252 and 63.
63
Calculate the highest common divisor of 36768 and 96.
96
Calculate the greatest common divisor of 80 and 135.
5
What is the highest common factor of 162 and 43578?
162
Calculate the greatest common divisor of 5 and 625.
5
What is the highest common divisor of 516 and 903?
129
What is the greatest common factor of 186 and 1581?
93
Calculate the greatest common divisor of 385 and 1232.
77
What is the greatest common divisor of 5236 and 56?
28
Calculate the highest common factor of 143 and 99.
11
What is the highest common factor of 65 and 455?
65
What is the greatest common divisor of 142 and 18602?
142
What is the highest common divisor of 2912 and 28?
28
Calculate the greatest common divisor of 204 and 2550.
102
Calculate the greatest common factor of 16 and 8.
8
What is the highest common divisor of 196 and 882?
98
Calculate the greatest common factor of 42 and 182.
14
Calculate the highest common factor of 744 and 108.
12
What is the highest common divisor of 146 and 7373?
73
Calculate the greatest common divisor of 11 and 341.
11
What is the greatest common divisor of 3955 and 35?
35
Calculate the highest common factor of 1062 and 9.
9
What is the greatest common factor of 97 and 5?
1
What is the greatest common divisor of 31702 and 524?
262
What is the highest common divisor of 2 and 1808?
2
Calculate the highest common factor of 608 and 19.
19
What is the highest common factor of 77 and 70?
7
What is the highest common divisor of 7191 and 306?
153
What is the greatest common divisor of 249 and 83913?
249
Calculate the highest common divisor of 5566 and 92.
46
Calculate the highest common factor of 279 and 81.
9
What is the greatest common divisor of 5 and 1365?
5
Calculate the highest common factor of 20 and 340.
20
Calculate the highest common factor of 9875 and 1000.
125
What is the greatest common divisor of 776 and 6111?
97
What is the highest common factor of 27 and 189?
27
Calculate the greatest common factor of 876 and 12.
12
What is the highest common divisor of 1152 and 432?
144
What is the highest common divisor of 44 and 1771?
11
Calculate the greatest common divisor of 183 and 3.
3
What is the greatest common divisor of 741 and 114?
57
Calculate the greatest common factor of 1589 and 7.
7
Calculate the greatest common divisor of 36 and 228.
12
Calculate the greatest common factor of 13 and 3159.
13
What is the highest common factor of 1552 and 97?
97
Calculate the greatest common divisor of 1863 and 324.
81
What is the greatest common divisor of 418 and 1444?
38
Calculate the highest common divisor of 7 and 3409.
7
What is the highest common factor of 24 and 75?
3
Calculate the greatest common factor of 31 and 12431.
31
Calculate the highest common divisor of 168 and 56.
56
Calculate the highest common divisor of 767 and 13.
13
What is the greatest common divisor of 6 and 18?
6
What is the greatest common divisor of 946 and 44?
22
Calculate the greatest common divisor of 8903 and 29.
29
Calculate the highest common factor of 871 and 52.
13
Calculate the highest common divisor of 50 and 425.
25
Calculate the greatest common factor of 135 and 285.
15
Calculate the highest common factor of 135 and 34560.
135
What is the greatest common factor of 868 and 70?
14
What is the highest common divisor of 768 and 84?
12
Calculate the highest common factor of 4 and 1.
1
Calculate the highest common factor of 9772 and 112.
28
What is the greatest common factor of 32 and 100?
4
What is the highest common factor of 3953 and 1407?
67
Calculate the greatest common divisor of 2640 and 192.
48
Calculate the highest common factor of 2502 and 18.
18
Calculate the highest common factor of 1625 and 390.
65
Calculate the greatest common divisor of 79 and 2449.
79
Calculate the greatest common divisor of 40 and 9720.
40
Calculate the highest common factor of 144 and 1552.
16
What is the highest common factor of 578 and 2244?
34
Calculate the greatest common factor of 42 and 24.
6
Calculate the highest common factor of 1235 and 130.
65
Calculate the greatest common divisor of 49 and 69727.
49
What is the highest common factor of 855 and 45?
45
What is the highest common divisor of 14 and 133?
7
What is the highest common factor of 18 and 84?
6
What is the highest common divisor of 234 and 18?
18
What is the greatest common divisor of 5 and 13?
1
Calculate the greatest common factor of 36 and 1116.
36
Calculate the greatest common divisor of 603 and 27.
9
Calculate the greatest common factor of 30 and 1460.
10
What is the greatest common factor of 13806 and 858?
78
What is the greatest common divisor of 12040 and 645?
215
What is the greatest common factor of 484 and 3025?
121
Calculate the greatest common divisor of 1903 and 22.
11
Calculate the greatest common divisor of 7 and 324.
1
What is the highest common factor of 575 and 250?
25
Calculate the greatest common factor of 6 and 1002.
6
What is the greatest common factor of 21538 and 445?
89
What is the greatest common factor of 32 and 9136?
16
What is the greatest common divisor of 621 and 92?
23
What is the highest common divisor of 410 and 300?
10
What is the highest common divisor of 306 and 238?
34
Calculate the highest common divisor of 465 and 2055.
15
What is the highest common factor of 12 and 288?
12
Calculate the highest common divisor of 564 and 120.
12
Calculate the greatest common factor of 7080 and 64.
8
What is the greatest common factor of 48 and 3216?
48
What is the greatest common divisor of 70 and 1890?
70
What is the highest common factor of 1 and 1534?
1
Calculate the greatest common factor of 16682 and 38.
38
Calculate the highest common factor of 14580 and 10.
10
What is the highest common divisor of 8 and 2976?
8
Calculate the highest common divisor of 272 and 238.
34
What is the greatest common divisor of 59 and 118?
59
What is the greatest common factor of 1161 and 54?
27
Calculate the highest common factor of 74 and 3922.
74
Calculate the greatest common divisor of 198 and 666.
18
What is the greatest common divisor of 130 and 26?
26
What is the greatest common divisor of 752 and 188?
188
Calculate the greatest common divisor of 45 and 1635.
15
What is the greatest common divisor of 32700 and 30?
30
Calculate the highest common divisor of 2520 and 6615.
315
Calculate the highest common factor of 7 and 38.
1
What is the highest common factor of 308 and 224?
28
What is the highest common factor of 62 and 434?
62
Calculate the greatest common factor of 1273 and 38.
19
What is the highest common divisor of 525 and 390?
15
Calculate the highest common divisor of 224 and 42.
14
What is the greatest common divisor of 28 and 217?
7
Calculate the greatest common divisor of 360 and 4545.
45
Calculate the highest common factor of 4158 and 28.
14
Calculate the highest common divisor of 10 and 110.
10
What is the greatest common divisor of 22 and 5907?
11
What is the greatest common divisor of 37 and 2368?
37
What is the highest common divisor of 13 and 1?
1
Calculate the greatest common divisor of 7 and 1267.
7
What is the highest common factor of 40 and 45?
5
Calculate the greatest common divisor of 324 and 312.
12
What is the greatest common divisor of 712 and 267?
89
What is the highest common divisor of 143 and 1?
1
What is the greatest common divisor of 770 and 40?
10
What is the highest common divisor of 234 and 104?
26
What is the highest common factor of 48 and 35736?
24
What is the greatest common factor of 70 and 770?
70
Calculate the highest common factor of 36445 and 185.
185
Calculate the greatest common factor of 949 and 325.
13
What is the highest common divisor of 395 and 400?
5
What is the highest common divisor of 2373 and 91?
7
What is the greatest common factor of 404 and 2323?
101
What is the highest common fact